y**3 + 47*y**2 - y + 80. Let h(l) = -l**3 - 16*l**2 - 27. Let o(f) = -17*h(f) - 6*n(f). What is the remainder when o(-11) is divided by 18?
16
Let l be 2/2*(-1 + -1). Let i be 308/(-3)*(120/35 + -6). Calculate the remainder when (i/(-9) - -4)*3*l is divided by 31.
28
Let m = -9707 - -9725. Suppose -38 = -b + 28. What is the remainder when b is divided by m?
12
Calculate the remainder when 44 is divided by (-3 + (0 - -1))*14/(-98)*49.
2
Suppose 2*q - 36 = 2*p, -35*q = -37*q - 3*p + 11. Calculate the remainder when 54 is divided by q.
2
Let j = 215 - -138. Suppose 7*h + 38 - j = 0. What is the remainder when h is divided by 28?
17
Let i = -22 + 56. Suppose 0 = 17*t - 18*t + i. Calculate the remainder when t is divided by 7.
6
Let y(o) = o + 11. Let u be (144/(-120))/(2/(-5)). Let f = -17 - -41. Calculate the remainder when f is divided by y(u).
10
Calculate the remainder when 411 is divided by ((-120)/9)/(9 - 385/42).
11
What is the remainder when 1741 is divided by 6/4 - 3 - 1 - 5940/(-120)?
2
Let x(g) = 3*g - 11. Let l be x(6). Suppose 0*k = -l*k + 28. Suppose -4*z + d = -94, k*z + 0*d + 4*d - 84 = 0. Calculate the remainder when z is divided by 12.
11
Let y(r) = r**2 - r + 1. Let m be y(-12). Let j = m + -92. What is the remainder when j is divided by 22?
21
Suppose 45*q + 126 = 1206. Suppose 23 = a + 5*g, 3*a + 2*g - 71 = q. What is the remainder when a is divided by 9?
6
Suppose -3*w - 67 = 2*a + 889, 0 = -4*w - 4*a - 1272. Let p = -289 - w. What is the remainder when 91 is divided by p?
29
Let v(l) = -17*l + 92. Let k(b) = b + 15. Let h be k(-11). Let a = 6 - 3. Calculate the remainder when v(h) is divided by a.
0
Suppose 18*b - 291 = -3. Let r(v) = v + 2. Let y be r(-4). Let q = b + y. What is the remainder when 138 is divided by q?
12
Let h = 319 + -319. Suppose t - 494 + 363 = h. What is the remainder when t is divided by 68?
63
Suppose 3*m + 32 = 11, -6*m - 180 = -2*j. Calculate the remainder when 3653 is divided by j.
65
Let q(z) = 4*z**2 + 2*z + 30. Let i = 37 + -33. Suppose 62 = g + i*v, -3*v + 55 + 170 = 5*g. What is the remainder when g is divided by q(0)?
12
Let a be (-88)/(-3) - (-44)/66. Suppose -3*o + a = -2*s - 16, -13 = -o + 3*s. What is the remainder when 156 is divided by o?
12
Let f(b) = b**2 - b - 54. Suppose -187 = -10*t - 7*t. What is the remainder when 447 is divided by f(t)?
55
Let s = 4514 + -4425. Calculate the remainder when 249 is divided by s.
71
Suppose 7*a + 202 = 11*a - 2*t, -4*a + 5*t = -187. Calculate the remainder when 7153 is divided by a.
51
Suppose -10*a + 798 = -3*a + 12*a. Calculate the remainder when 4364 is divided by a.
38
Suppose 2*c = -3*b + 687, 4*b - 73 - 866 = 5*c. Calculate the remainder when 608 is divided by b.
146
Suppose -93*h + 300*h = 33534. Calculate the remainder when 968 is divided by h.
158
Let z(j) = 6*j**3 - 4*j**2 + 15*j - 11. Calculate the remainder when 1366 is divided by z(1).
4
Let g = 109 - 70. Suppose -157*p + 1127 = -12*p - 33. What is the remainder when g is divided by p?
7
Suppose -33*h + 120 + 12 = 0. What is the remainder when -4 + (2 + -6 - h)*-3 is divided by 4?
0
Let y = -339 - -525. Let t = y - 144. What is the remainder when 157 is divided by t?
31
Let y(t) = 3*t**2 + 72*t + 6 + 88*t - 199*t. Let u(n) = -n**3 - 5*n**2 - 6*n - 2. Calculate the remainder when u(-5) is divided by y(13).
4
Suppose -k = 16*u - 15*u - 52, -55 = -u - 2*k. Let j be (-3)/((-13)/14 + 1). Let i = u + j. What is the remainder when 38 is divided by i?
3
Let i(n) = -17*n - 63. Let g = -1486 - -1628. What is the remainder when g is divided by i(-4)?
2
Let z(k) = 9*k**3 - 8*k**2 + 22*k - 21. What is the remainder when z(2) is divided by 12/8*82/3?
22
Suppose 49 = -2*r - 55. Let d = r + 101. Calculate the remainder when (-5 + 65/15)/(2/(-435)) is divided by d.
47
Let m = -3067 - -3196. What is the remainder when 671 is divided by m?
26
Suppose 9*q = -25*q + 578. Calculate the remainder when 128 is divided by q.
9
Suppose 41*d + 2861 = 21926. Calculate the remainder when d is divided by 94.
89
Let d = -230 - -205. Let y(k) = -2*k - 19. What is the remainder when y(d) is divided by 14?
3
Suppose 18*s - 436 = 320. Suppose -s*i + 33*i + 2511 = 0. Calculate the remainder when i is divided by 47.
44
Let o = 3 + 32. Let x = 263 - o. Calculate the remainder when x is divided by 58.
54
Let s = 96 - -15. Let q(h) = -8*h**3 + 319*h**2 + 47*h - 221. Calculate the remainder when s is divided by q(40).
52
Let s = -24 - -52. Suppose 52 = 2*b - 5*q - s, -148 = -4*b + 4*q. Suppose 60 = -7977*k + 7982*k. What is the remainder when b is divided by k?
11
Let p = -33 - -156. Suppose -5*z + v + 25 = 0, 65*z + 3*v = 60*z + 65. Calculate the remainder when p is divided by z.
4
Suppose 108 = -g - 216. Let a = g + 363. What is the remainder when 388 is divided by a?
37
Let u(g) = 2*g**2 - 14*g + 18. Suppose -6*a = 5*m - 10*a - 466, -3*a - 467 = -5*m. Calculate the remainder when m is divided by u(6).
4
Let y = 20700 + -20675. What is the remainder when 4062 is divided by y?
12
Suppose 4*v = d + 188, -v - 3*d + 4 = -56. Calculate the remainder when 103 is divided by v.
7
What is the remainder when -12*(-18)/(-216)*-3241 is divided by 7?
0
Let m = -259 - -552. Let v = m + -288. Let d(g) = 5*g**2 - g + 1. Calculate the remainder when d(-2) is divided by v.
3
Let r = -3 - -7. Let j be r/6 + 10/3. Let i = j + 6. Calculate the remainder when 19 is divided by i.
9
Let l(d) = -d**3 + 8*d**2 - 8*d + 3. Let i(m) = -44*m + 50. Let o be i(1). What is the remainder when 130 is divided by l(o)?
22
Suppose 0 = -v - 2*z - z + 21, 3*v = 2*z + 52. Let h be 170/40 + (v/(-8))/(-3). Let d = 40 + h. Calculate the remainder when d is divided by 16.
13
Suppose -100 = -33*u + 13*u. Suppose 2*d - 25 = u*s - 268, -s - 2*d + 51 = 0. Calculate the remainder when 387 is divided by s.
44
Suppose -2*q = -6*q + 52. Let m(b) = b - 47. Let p be m(q). Let c = p - -52. Calculate the remainder when 68 is divided by c.
14
Let d(f) = f**3 - 19*f**2 + 38*f - 28. Let k be d(17). Calculate the remainder when 35 is divided by 70/20*k/7.
15
Suppose -30932 = -6*u - 10*k + 8*k, -3*k = u - 5142. Calculate the remainder when u is divided by 77.
75
Let d = -5766 - -5805. What is the remainder when 527 is divided by d?
20
Suppose 42 + 216 = 13*u + 50. Let a be 145/7 + (-4)/(-14). Suppose 23 = s - a. What is the remainder when s is divided by u?
12
Let r be 3/1*(-3)/27*-12. Suppose -5*x = -3*h - r*x + 99, 5*x = h - 19. Calculate the remainder when h is divided by (-9)/(-24) - (-4)/(96/423).
16
Let u(p) = p**3 - 36*p**2 + p + 26. Calculate the remainder when 1239 is divided by u(36).
61
Suppose -2*t = 11 - 49. Let k = t + -10. What is the remainder when -72*(6 - 7)/3*1 is divided by k?
6
Let g(q) = -q**3 - 46*q**2 + 85*q - 496. Suppose k = -3*u - 2*u + 55, 70 = 5*u - 2*k. Calculate the remainder when g(-48) is divided by u.
8
Let a = 28 + 43. Calculate the remainder when 96 is divided by a.
25
Suppose 5*p = t + 31, -2*p + t - 11 = -3*p. Let m(u) = -20 - 3*u + 3*u + 4*u + 32. What is the remainder when m(p) is divided by 7?
5
Suppose 8*g = -32*g + 12*g + 10612. What is the remainder when g is divided by 48?
43
Suppose -4*o + 82 = -18. Let z = 44 + o. Suppose 0 = -3*a + 129 + z. Calculate the remainder when a is divided by 35.
31
Let s(t) = -61*t - 1838. Calculate the remainder when s(-42) is divided by 54.
22
Suppose o = -4, f + 5*o - 354 = -347. What is the remainder when 882 is divided by f?
18
Let t = -49 - -58. Let r(d) = d**2 - 3*d - 4. Let n be r(t). Suppose 15 + n = 5*b. What is the remainder when b is divided by 3?
1
Let y be 27/81 + (-3)/((-18)/(-32)). Let b = y + 64. Suppose 3*g - b = -2*r, 5*g - r - 97 = -4*r. What is the remainder when g is divided by 6?
5
Suppose 0 = 3*z - 5*l + 10, -4*z - 8 = -5*l + 2. Suppose -4*n - n = 2*m - 82, 3*n + 12 = z. Calculate the remainder when m is divided by (8 + 77/(-28))/(3/8).
9
Suppose 0 = 104*a + 74*a + 187*a - 20105295. Calculate the remainder when a is divided by 115.
113
Let f = 16087 - 15399. What is the remainder when f is divided by 109?
34
Let m(g) = 4*g - 1 - 15*g + 6 - 7*g. Calculate the remainder when m(-2) is divided by 9.
5
Let w = 17 - 14. Suppose w*t + 20 = 8*t. Calculate the remainder when t is divided by 5